vided by 129829?
32
Calculate the remainder when 10874441 is divided by 7.
4
Calculate the remainder when 2576011 is divided by 106.
105
What is the remainder when 9499870 is divided by 21?
16
Calculate the remainder when 176189 is divided by 35182.
279
What is the remainder when 323014 is divided by 866?
862
Calculate the remainder when 1387486 is divided by 2328.
2326
What is the remainder when 1212071 is divided by 173153?
0
What is the remainder when 1542713299 is divided by 3734?
3731
What is the remainder when 23204026 is divided by 3867337?
4
What is the remainder when 13841586 is divided by 146?
56
Calculate the remainder when 372891 is divided by 13784.
723
Calculate the remainder when 15738 is divided by 7575.
588
Calculate the remainder when 175418 is divided by 175412.
6
What is the remainder when 12329429 is divided by 1761341?
42
Calculate the remainder when 590239 is divided by 1089.
1
Calculate the remainder when 25417024 is divided by 2635.
2449
What is the remainder when 37205121 is divided by 21?
9
What is the remainder when 3306112 is divided by 9586?
8528
What is the remainder when 196829861 is divided by 115?
1
Calculate the remainder when 601146 is divided by 300498.
150
What is the remainder when 46627674 is divided by 15542553?
15
Calculate the remainder when 287851 is divided by 287833.
18
What is the remainder when 9113597 is divided by 640?
637
What is the remainder when 25816 is divided by 6127?
1308
Calculate the remainder when 285407 is divided by 6868.
3819
Calculate the remainder when 198333 is divided by 22018.
171
What is the remainder when 2706611 is divided by 12?
11
What is the remainder when 814753 is divided by 162927?
118
Calculate the remainder when 551009 is divided by 1480.
449
Calculate the remainder when 3133095 is divided by 1566540.
15
What is the remainder when 1213414 is divided by 416?
358
Calculate the remainder when 612691 is divided by 27844.
123
What is the remainder when 121366 is divided by 3566?
122
What is the remainder when 268348 is divided by 10293?
730
Calculate the remainder when 61351 is divided by 15326.
47
Calculate the remainder when 400412998 is divided by 17.
13
Calculate the remainder when 97683307 is divided by 32890.
7
Calculate the remainder when 450504 is divided by 3.
0
What is the remainder when 2624843 is divided by 847?
837
What is the remainder when 2130799 is divided by 5155?
1784
Calculate the remainder when 428666 is divided by 47443.
1679
What is the remainder when 521930 is divided by 435?
365
Calculate the remainder when 1072137 is divided by 268028.
25
What is the remainder when 1005287 is divided by 197?
193
Calculate the remainder when 140633 is divided by 70278.
77
What is the remainder when 937286 is divided by 2873?
688
What is the remainder when 51412802 is divided by 712?
706
Calculate the remainder when 132696 is divided by 1793.
14
Calculate the remainder when 31572070 is divided by 7892996.
86
What is the remainder when 1196834 is divided by 62991?
5
Calculate the remainder when 350007 is divided by 43717.
271
What is the remainder when 45013 is divided by 11251?
9
What is the remainder when 5913062 is divided by 124?
122
Calculate the remainder when 128933228 is divided by 42977734.
26
What is the remainder when 176032901 is divided by 9456?
5
What is the remainder when 1114783 is divided by 138?
19
Calculate the remainder when 10522 is divided by 2650.
2572
What is the remainder when 99500529 is divided by 128?
113
Calculate the remainder when 45538349 is divided by 6369.
6368
What is the remainder when 243281 is divided by 2561?
2547
Calculate the remainder when 4037902 is divided by 4037889.
13
What is the remainder when 616103 is divided by 729?
98
What is the remainder when 189452 is divided by 47143?
880
What is the remainder when 5329223 is divided by 392?
375
Calculate the remainder when 10482438 is divided by 732.
198
What is the remainder when 76247 is divided by 1412?
1411
Calculate the remainder when 179990798 is divided by 475.
473
Calculate the remainder when 6139927 is divided by 1828.
1503
Calculate the remainder when 2088245 is divided by 142.
135
What is the remainder when 12768 is divided by 8698?
4070
Calculate the remainder when 17462831 is divided by 21559.
41
What is the remainder when 4757887 is divided by 5571?
253
What is the remainder when 748525 is divided by 248436?
3217
Calculate the remainder when 754742 is divided by 376312.
2118
What is the remainder when 1327009 is divided by 123?
85
What is the remainder when 352400 is divided by 276?
224
What is the remainder when 460880547 is divided by 135?
132
What is the remainder when 104326370 is divided by 769?
754
Calculate the remainder when 10771105 is divided by 82.
77
What is the remainder when 10202130 is divided by 1479?
1467
What is the remainder when 5972251 is divided by 351?
337
Calculate the remainder when 2835863 is divided by 567164.
43
Calculate the remainder when 8378706 is divided by 149.
138
What is the remainder when 3587043 is divided by 188?
3
Calculate the remainder when 38182 is divided by 3516.
3022
Calculate the remainder when 602745 is divided by 40182.
15
Calculate the remainder when 2751895 is divided by 15.
10
What is the remainder when 381021 is divided by 169?
95
Calculate the remainder when 3180683 is divided by 1590151.
381
Calculate the remainder when 62631831 is divided by 145.
96
What is the remainder when 50467038 is divided by 31?
30
What is the remainder when 191323 is divided by 3044?
2595
Calculate the remainder when 2503590 is divided by 193.
187
What is the remainder when 137369 is divided by 13736?
9
What is the remainder when 2013530 is divided by 2013523?
7
Calculate the remainder when 178274779 is divided by 173.
9
Calculate the remainder when 109114542 is divided by 129.
21
Calculate the remainder when 67012 is divided by 16266.
1948
What is the remainder when 647140 is divided by 6280?
300
What is the remainder when 333146145 is divided by 49?
45
Calculate the remainder when 5490981 is divided by 289.
270
What is the remainder when 1014716 is divided by 507350?
16
Calculate the remainder when 343662 is divided by 70.
32
Calculate the remainder when 1123594 is divided by 280850.
194
What is the remainder when 8990053 is divided by 425?
28
What is the remainder when 9620812 is divided by 801734?
4
What is the remainder when 1230873 is divided by 68381?
15
Calculate the remainder when 43807 is divided by 8747.
72
What is the remainder when 27690 is divided by 9048?
546
Calculate the remainder when 48424055 is divided by 22.
9
What is the remainder when 123252 is divided by 2274?
456
What is the remainder when 54443866 is divided by 253?
37
What is the remainder when 2902154 is divided by 23787?
140
What is the remainder when 4516221 is divided by 4779?
66
Calculate the remainder when 3696100 is divided by 7466.
430
What is the remainder when 9916062 is divided by 1484?
1458
What is the remainder when 885470 is divided by 1118?
14
Calculate the remainder when 2190540 is divided by 2652.
2640
What is the remainder when 3650253 is divided by 11197?
31
What is the remainder when 630277 is divided by 771?
370
Calculate the remainder when 337720 is divided by 350.
320
Calculate the remainder when 12034439 is divided by 19072.
7
Calculate the remainder when 23268751 is divided by 1161.
1150
Calculate the remainder when 23895698 is divided by 2141.
2138
What is the remainder when 170006 is divided by 749?
732
Calculate the remainder when 82476315 is divided by 9164035.
0
Calculate the remainder when 2069647 is divided by 841.
787
What is the remainder when 46919130 is divided by 17?
14
What is the remainder when 64864 is divided by 220?
184
What is the remainder when 2310 is divided by 2203?
107
Calculate the remainder when 35163893 is divided by 878.
871
Calculate the remainder when 174889 is divided by 50.
39
What is the remainder when 6924887 is divided by 4870?
4617
What is the remainder when 19779227 is divided by 756?
755
What is the remainder when 49305597 is divided by 23?
14
What is the remainder when 1750447741 is divided by 128?
125
What is the remainder when 136742 is divided by 22608?
1094
Calculate the remainder whe